 j?
4
Let u(m) = -m. Let k be u(-2). Suppose 3*p - 31 = -k*g + 23, -2*p - 54 = -2*g. What is the units digit of g?
7
Suppose r + r = 2*w - 16, r + 16 = 2*w. Let f be (-1)/(((-3)/5)/3). Suppose -68 + w = -f*v. What is the tens digit of v?
1
Suppose 2*y - 5*y + 21 = 0. Let j = 11 - 8. Suppose q = m + y, 0 = -2*q + j*q + 3*m - 23. What is the tens digit of q?
1
Let n = -2 + 17. Suppose -3 = -4*x + 2*v + n, -x = -v - 7. Suppose 3*c + 3*d = 57, -4*c + 0*d = x*d - 70. What is the units digit of c?
6
Let u be (1 + 2*-2)/1. Let m be (-2)/3 + (-8)/u. Suppose -m*l - 2*j + 18 = 0, 4*j = 5*l - 9 - 27. What is the units digit of l?
8
Let f be (-10)/(2*(-3)/15). Suppose k - 7 = -5*c, f = 5*c - 6*k + k. What is the units digit of (-9)/3 + c + 10?
9
Let k(u) = -9*u - 42. What is the units digit of k(-18)?
0
Let r = 6 + -4. Let j = r + -3. What is the units digit of 16 - (j - 2 - -5)?
4
Suppose m - 6 = 8. Let j be 6/(-42) - (-30)/m. Let q(r) = 3*r**2 + r. What is the tens digit of q(j)?
1
Suppose 3*m = 4*m. Let f(j) be the second derivative of j**3/6 + 8*j**2 - 3*j. What is the tens digit of f(m)?
1
Let t(r) = -45*r - 1. What is the tens digit of t(-1)?
4
Suppose -g - 20 = -6*g. Suppose 3*x - 89 - g = 0. What is the tens digit of x?
3
Let q(m) be the first derivative of m**4/4 - 5*m**3/3 + m + 1. What is the units digit of q(5)?
1
Let t(k) = k**2 + 10*k + 4. Let z be 2/(-5) - (-18)/(-5). Let x be t(z). What is the units digit of 5/x - (-82)/8?
0
Suppose -3*v - 2*d = -4, 6*v - 4*v + 2 = d. Suppose v*l - 2 = -l. Suppose 0 = -4*m + 14 + l. What is the units digit of m?
4
Let o be (-1 - -6)*62/5. Suppose o = f + f. What is the tens digit of f?
3
What is the units digit of 24/(0 - -2) + -2?
0
Suppose -2*z = 2*z - 12. Suppose -4 = w + z*j, 5*j + 20 = w - 6*w. What is the units digit of (-1)/((-2)/(w/(-1)))?
2
Let x = -58 - -108. Suppose x = 5*n + 10. What is the units digit of n?
8
Suppose -w - 5*y = 20, 4*y + 4 = -5*w + 3*y. Let p = 3 - w. Let i = 4 - p. What is the units digit of i?
1
Let v(x) = -x**3 + 8*x**2 - 12*x + 5. What is the units digit of v(6)?
5
Let g(w) = -w**2 + 6*w + 9. Let y be g(7). Suppose -3*a - 5*u = -16, 0*a + 5*u = -y*a + 14. What is the tens digit of ((-8)/12)/(a/(-33))?
1
Let r(i) = -i**3 - i**2 + 4*i + 7. What is the units digit of r(-3)?
3
Suppose z + 2*z = 3, -8 = -4*y + 4*z. Suppose y*r = -6, -5*r - 4 = 4*f - 78. What is the units digit of f?
1
Suppose 2*y = 6*y - 140. What is the tens digit of y?
3
Suppose 0 = 3*l - l - 20. What is the tens digit of l?
1
Suppose 338 - 71 = i - 2*t, 3*i - 3*t = 804. What is the tens digit of i?
6
Let f be (-32)/(-6) + 6/(-18). Suppose -12 = -f*l + 18. Suppose -p + 0*p = -l. What is the units digit of p?
6
Let c be (4/(-3 + 5))/(-1). Let i be (c + 1)/((-2)/46). Suppose -2*s - 50 = -4*j, -2*j = s - 4*s - i. What is the tens digit of j?
1
Let s(v) = 2*v - 9. Let m be s(6). Suppose -5*n + 10 = m*b, 5*b = n + n - 35. Suppose -16 + 3 = -r - n*i, -r - 3 = -3*i. What is the units digit of r?
3
Let i be (204/8)/((-2)/(-4)). Let q = 9 + i. Suppose 5*g - q = -25. What is the units digit of g?
7
Let q = 9 - 0. Let p = 12 - q. What is the units digit of p?
3
Let o = -5 + 3. What is the units digit of 1/((-3 - -6) + o)?
1
Let v be 37 - (3/3 - 2). Let i = v - 23. What is the tens digit of i?
1
Suppose -3*k - 2*k = -20. Let s = 12 + k. What is the tens digit of s?
1
Let u be 2/4*(-1 + 13). Let j be (2/1 - 3)*-1. Let x = j + u. What is the units digit of x?
7
Suppose -5*s - 3*k = -0*s - 1956, 5*k = 10. What is the units digit of s?
0
Let d(b) = -b**2 + 9*b + 6. Let s be d(9). Let i = s - 6. What is the units digit of (4/2)/(i - -2)?
1
Let w be 6*(14/6 - 2). Suppose 4*g - w*s - 45 = -5*s, g - 5*s - 40 = 0. What is the units digit of (1 + -2)/((-3)/g)?
5
Let i = -51 - -30. What is the units digit of 2/7 - 477/i?
3
Let r(w) = w**3 - 9*w**2 + w - 9. Let j be r(9). What is the units digit of (j - -18)/(4/2)?
9
Suppose -o = -10 - 12. What is the units digit of o?
2
Let k(o) = 4*o - 17. Let l(n) = -5*n + 18. Let m(q) = -6*k(q) - 5*l(q). What is the units digit of m(0)?
2
Suppose 4*i + 1 = a - 3, 5*a = 4*i + 4. Suppose 4*t - 10 = 3*t - 3*m, -2*t = 2*m. What is the units digit of (2 - a) + (0 - t)?
7
Suppose 0*f + 3*h = f + 66, 0 = 2*f + 3*h + 168. What is the units digit of f/(-5) - (-39)/(-65)?
5
What is the units digit of (1 - 2)/((-1)/5)?
5
Let h = 20 + -38. Let v = 55 + h. What is the tens digit of v?
3
Let g(s) = -s**3 + 4*s**2 + 2*s - 5. What is the hundreds digit of g(-4)?
1
Suppose 10*x - 225 - 1035 = 0. What is the hundreds digit of x?
1
Let n(r) = 1 - 5 - 3*r + 2*r + 2*r. What is the units digit of n(6)?
2
Suppose -30 = 2*n - 4*n. Suppose t - 18 = 2*x, 2*x - 27 = -5*t + n. What is the tens digit of t?
1
Suppose 4*j = -2*j - 90. Let w = j + 42. What is the tens digit of w?
2
Let m(i) = 4*i**2 - 1. What is the units digit of m(-1)?
3
Let l = 94 - 50. Let c = l - 11. What is the units digit of c?
3
What is the tens digit of (-4)/(-7) - (6734/(-49))/1?
3
Suppose -4 = -i + 2*a, -7 = -0*i - 3*i + a. Let z be 88/(-12) - i/(-6). Let g(b) = -b**2 - 9*b - 2. What is the tens digit of g(z)?
1
Suppose 20 = 5*s - 3*s. Suppose 20 = 3*z - s. What is the tens digit of z?
1
Let i(q) = q**3 + q**2 + 5*q - 3. Let t be i(3). Suppose -2*f = 2*f - t. Suppose 0 = -0*x + 3*x - f. What is the units digit of x?
4
Let s(u) = -u + 9. Let i be s(6). Let w be i/2*8/6. What is the units digit of (-3 + (w - 0))*-8?
8
Let s = 5 - 3. What is the units digit of (-3)/((9/s)/(-3))?
2
Suppose -v + 8 = 2*q, 0 = -4*v - v + 2*q + 4. Let c(f) = -4*f**2 + 3*f**v - 15 + 2 - 12*f. What is the units digit of c(-10)?
7
Let n(g) = g + 28 - 28. What is the units digit of n(3)?
3
Let s(o) be the third derivative of o**5/60 - 7*o**4/24 + 4*o**3/3 - 2*o**2. Suppose a + i - 3 = 0, -a - 3*i + i = 1. What is the units digit of s(a)?
8
Suppose -2*n + 19 = -5. Suppose j - 3*j + n = 0. Let w = 21 - j. What is the tens digit of w?
1
Let d = -378 - -583. What is the units digit of d?
5
Suppose p + 30 = 6*p. Let g(r) = r**3 - 6*r**2 + 4*r. Let c be g(p). Suppose c = 4*w + 4*m, 4*m + m = -15. What is the units digit of w?
9
Let s = -44 - -53. What is the units digit of s?
9
What is the units digit of 4/(-16) + 253/4 + 0?
3
Let y(h) = h**3 - 12*h**2 + 18*h - 18. What is the units digit of y(11)?
9
What is the units digit of -1 + 1 + -3*20/(-12)?
5
Suppose 0 = 2*n - 6*n - 2*y + 490, 2*y - 242 = -2*n. What is the tens digit of n?
2
Let w(x) be the first derivative of -3*x**2 - 6*x - 4. What is the tens digit of w(-5)?
2
Let n(j) = j. Let v be n(3). Suppose 4*z - 10 = -m + 23, -v*z = 4*m - 15. What is the units digit of z?
9
Let r be 4/10 + (-33)/(-5). Let f(t) = 3*t**3 + 10*t**2 + 10*t - 5. Let p(h) = -h**3 - h**2 - h + 1. Let c(j) = -f(j) - 4*p(j). What is the units digit of c(r)?
8
Let l(s) = 28*s**2 + s - 2. Let v be l(1). Let w = v + -16. What is the units digit of w?
1
Suppose -4*o + 2*h + 155 = -h, 5*o - 193 = 3*h. What is the tens digit of o?
3
Suppose h - 1 = -z, 5*h - 7*h - 7 = -z. Let y = 6 + h. Suppose -3*p = t, t + 3*p - y*p - 4 = 0. What is the units digit of t?
3
Suppose 100 = -8*d + 10*d. What is the tens digit of d?
5
Let o be (-1)/((-2)/6*1). Suppose 0 = -a + 5*j + 17, j + j = -o*a. What is the units digit of a?
2
Let c = 82 + -47. What is the tens digit of c?
3
Suppose -5*g + w = 8, -3*g - 2*w = -7*w - 4. Let s be (-2 - 7/g)*2. Suppose 4*j - 9 = -s*b + 36, 24 = 4*j - 4*b. What is the units digit of j?
9
What is the units digit of ((-240)/(-50))/(6/20)?
6
Suppose 2*g - 72 = 2*x, -4*x - 107 = -2*g - g. What is the units digit of g?
7
Let h(q) be the first derivative of q**3/3 + 5*q**2/2 + 7*q + 1. What is the units digit of h(-3)?
1
Suppose -4*m + 2 = -2. What is the units digit of m?
1
What is the units digit of 2/(-6) - ((-289)/3 + 2)?
4
Let u(r) = r**2 + r + 2. Suppose -4*c + 4*g + 36 = 0, 0 = c + 5*g - 0*g + 21. Let f = c + -2. What is the units digit of u(f)?
8
Suppose -n - 16 = 35. What is the units digit of (-2)/(-6) - n/9?
6
Suppose 8*j - 148 - 172 = 0. What is the tens digit of j?
4
What is the units digit of -3 + 1 + (8 - 0)?
6
Let g be (-5)/(-10) - (-14)/4. What is the units digit of (-210)/(-25) + g/(-10)?
8
Suppose q = 5*d - 3, -3*d + 3 = -5*d - q. 